{"id":142,"date":"2024-05-06T16:00:24","date_gmt":"2024-05-06T14:00:24","guid":{"rendered":"https:\/\/hopcoeur.fr\/?page_id=142"},"modified":"2024-05-21T14:55:48","modified_gmt":"2024-05-21T12:55:48","slug":"coaching-collectif","status":"publish","type":"page","link":"https:\/\/hopcoeur.fr\/index.php\/coaching-collectif\/","title":{"rendered":"coaching collectif"},"content":{"rendered":"<div class=\"wpb-content-wrapper\"><p>[vc_row unlock_row_content=\u00a0\u00bbyes\u00a0\u00bb row_height_percent=\u00a0\u00bb0&Prime; back_color=\u00a0\u00bbcolor-554681&Prime; overlay_alpha=\u00a0\u00bb50&Prime; gutter_size=\u00a0\u00bb3&Prime; column_width_percent=\u00a0\u00bb100&Prime; shift_y=\u00a0\u00bb0&Prime; z_index=\u00a0\u00bb0&Prime; uncode_shortcode_id=\u00a0\u00bb118128&Prime; back_color_type=\u00a0\u00bbuncode-palette\u00a0\u00bb][vc_column width=\u00a0\u00bb1\/4&Prime;][\/vc_column][vc_column width=\u00a0\u00bb1\/2&Prime;][vc_single_image media=\u00a0\u00bb213&Prime; media_width_percent=\u00a0\u00bb100&Prime; uncode_shortcode_id=\u00a0\u00bb209720&Prime;][\/vc_column][vc_column width=\u00a0\u00bb1\/4&Prime;][\/vc_column][\/vc_row][vc_row unlock_row_content=\u00a0\u00bbyes\u00a0\u00bb row_height_percent=\u00a0\u00bb0&Prime; back_color=\u00a0\u00bbcolor-gyho\u00a0\u00bb overlay_alpha=\u00a0\u00bb50&Prime; gutter_size=\u00a0\u00bb3&Prime; column_width_percent=\u00a0\u00bb70&Prime; shift_y=\u00a0\u00bb0&Prime; z_index=\u00a0\u00bb0&Prime; uncode_shortcode_id=\u00a0\u00bb201658&Prime; back_color_type=\u00a0\u00bbuncode-palette\u00a0\u00bb][vc_column width=\u00a0\u00bb1\/2&Prime;][vc_single_image media=\u00a0\u00bb216&Prime; media_width_percent=\u00a0\u00bb100&Prime; uncode_shortcode_id=\u00a0\u00bb895660&Prime;][\/vc_column][vc_column width=\u00a0\u00bb1\/2&Prime;][vc_single_image media=\u00a0\u00bb93&Prime; media_width_percent=\u00a0\u00bb90&Prime; alignment=\u00a0\u00bbcenter\u00a0\u00bb uncode_shortcode_id=\u00a0\u00bb152129&Prime;][vc_column_text uncode_shortcode_id=\u00a0\u00bb865915&Prime;]<strong>Le coaching d&rsquo;\u00e9quipe vise \u00e0 am\u00e9liorer les performances et la dynamique d&rsquo;un groupe ou d&rsquo;une \u00e9quipe de travail. <\/strong><\/p>\n<p><strong>Il est ax\u00e9 sur la collaboration et l&rsquo;am\u00e9lioration des interactions au sein d&rsquo;un groupe.<\/strong><\/p>\n<p>Le coaching collectif peut \u00eatre particuli\u00e8rement efficace pour les \u00e9quipes de travail, les groupes de projet, les comit\u00e9s ou les \u00e9quipes de direction qui cherchent \u00e0 am\u00e9liorer leur performance collective et \u00e0 atteindre leurs objectifs communs.<\/p>\n<p>Il offre un espace s\u00fbr et structur\u00e9 pour que les membres du groupe explorent ensemble des solutions, surmontent les obstacles et renforcent leur sentiment d\u2019appartenance et leur relations professionnelles&#8230;[\/vc_column_text][vc_single_image media=\u00a0\u00bb233&Prime; media_width_percent=\u00a0\u00bb100&Prime; uncode_shortcode_id=\u00a0\u00bb134573&Prime;][\/vc_column][\/vc_row][vc_row unlock_row_content=\u00a0\u00bbyes\u00a0\u00bb row_height_percent=\u00a0\u00bb0&Prime; back_color=\u00a0\u00bbcolor-554681&Prime; overlay_alpha=\u00a0\u00bb50&Prime; gutter_size=\u00a0\u00bb4&Prime; column_width_percent=\u00a0\u00bb70&Prime; shift_y=\u00a0\u00bb0&Prime; z_index=\u00a0\u00bb0&Prime; uncode_shortcode_id=\u00a0\u00bb847385&Prime; back_color_type=\u00a0\u00bbuncode-palette\u00a0\u00bb][vc_column width=\u00a0\u00bb1\/3&Prime;][vc_single_image media=\u00a0\u00bb224&Prime; media_width_percent=\u00a0\u00bb20&Prime; alignment=\u00a0\u00bbcenter\u00a0\u00bb uncode_shortcode_id=\u00a0\u00bb617049&Prime;][vc_column_text text_color=\u00a0\u00bbcolor-xsdn\u00a0\u00bb uncode_shortcode_id=\u00a0\u00bb202287&Prime; text_color_type=\u00a0\u00bbuncode-palette\u00a0\u00bb]<\/p>\n<p style=\"text-align: center;\">OBJECTIFS COMMUNS<\/p>\n<p style=\"text-align: center;\">Le coaching collectif permet de se concentrer sur la r\u00e9alisation d&rsquo;objectifs communs pour l&rsquo;\u00e9quipe. Par exemple l&rsquo;am\u00e9lioration de la communication, le renforcement de la coh\u00e9sion d&rsquo;\u00e9quipe, l&rsquo;optimisation des processus de travail, ou encore l&rsquo;atteinte de r\u00e9sultats sp\u00e9cifiques.<\/p>\n<p>[\/vc_column_text][\/vc_column][vc_column width=\u00a0\u00bb1\/3&Prime;][vc_single_image media=\u00a0\u00bb224&Prime; media_width_percent=\u00a0\u00bb20&Prime; alignment=\u00a0\u00bbcenter\u00a0\u00bb uncode_shortcode_id=\u00a0\u00bb174017&Prime;][vc_column_text text_color=\u00a0\u00bbcolor-xsdn\u00a0\u00bb uncode_shortcode_id=\u00a0\u00bb452260&Prime; text_color_type=\u00a0\u00bbuncode-palette\u00a0\u00bb]<\/p>\n<p style=\"text-align: center;\">IDENTIFICATION DES BESOINS COLLECTIFS<\/p>\n<p style=\"text-align: center;\">Le coach collectif travaille avec le groupe pour identifier les besoins, les d\u00e9fis et les opportunit\u00e9s sp\u00e9cifiques qui se pr\u00e9sentent \u00e0 eux en tant qu&rsquo;\u00e9quipe. Cela peut impliquer des s\u00e9ances de brainstorming, des \u00e9valuations de la performance collective, ou des discussions ouvertes sur les d\u00e9fis rencontr\u00e9s.<\/p>\n<p>[\/vc_column_text][\/vc_column][vc_column width=\u00a0\u00bb1\/3&Prime;][vc_single_image media=\u00a0\u00bb224&Prime; media_width_percent=\u00a0\u00bb20&Prime; alignment=\u00a0\u00bbcenter\u00a0\u00bb uncode_shortcode_id=\u00a0\u00bb617049&Prime;][vc_column_text text_color=\u00a0\u00bbcolor-xsdn\u00a0\u00bb uncode_shortcode_id=\u00a0\u00bb266696&Prime; text_color_type=\u00a0\u00bbuncode-palette\u00a0\u00bb]<\/p>\n<p style=\"text-align: center;\">FACILITATIONS DES INTERACTIONS<\/p>\n<p style=\"text-align: center;\">Le coach collectif facilite les interactions au sein du groupe en encourageant la communication ouverte, le partage des id\u00e9es et des perspectives, et la r\u00e9solution de probl\u00e8mes de mani\u00e8re collaborative.<\/p>\n<p>[\/vc_column_text][\/vc_column][\/vc_row][vc_row unlock_row_content=\u00a0\u00bbyes\u00a0\u00bb row_height_percent=\u00a0\u00bb0&Prime; back_color=\u00a0\u00bbcolor-554681&Prime; overlay_alpha=\u00a0\u00bb50&Prime; gutter_size=\u00a0\u00bb4&Prime; column_width_percent=\u00a0\u00bb70&Prime; shift_y=\u00a0\u00bb0&Prime; z_index=\u00a0\u00bb0&Prime; uncode_shortcode_id=\u00a0\u00bb847385&Prime; back_color_type=\u00a0\u00bbuncode-palette\u00a0\u00bb][vc_column width=\u00a0\u00bb1\/3&Prime;][vc_single_image media=\u00a0\u00bb224&Prime; media_width_percent=\u00a0\u00bb20&Prime; alignment=\u00a0\u00bbcenter\u00a0\u00bb uncode_shortcode_id=\u00a0\u00bb617049&Prime;][vc_column_text text_color=\u00a0\u00bbcolor-xsdn\u00a0\u00bb uncode_shortcode_id=\u00a0\u00bb138794&Prime; text_color_type=\u00a0\u00bbuncode-palette\u00a0\u00bb]<\/p>\n<p style=\"text-align: center;\">D\u00c9VELOPPEMENT DES COMP\u00c9TENCES COLLECTIVES<\/p>\n<p style=\"text-align: center;\">En plus de travailler sur les objectifs sp\u00e9cifiques du groupe, le coaching collectif vise \u00e9galement \u00e0 renforcer les comp\u00e9tences collectives des membres de l&rsquo;\u00e9quipe, telles que la collaboration, la r\u00e9solution de conflits, la prise de d\u00e9cision et le leadership partag\u00e9.<\/p>\n<p>[\/vc_column_text][\/vc_column][vc_column width=\u00a0\u00bb1\/3&Prime;][vc_single_image media=\u00a0\u00bb224&Prime; media_width_percent=\u00a0\u00bb20&Prime; alignment=\u00a0\u00bbcenter\u00a0\u00bb uncode_shortcode_id=\u00a0\u00bb617049&Prime;][vc_column_text text_color=\u00a0\u00bbcolor-xsdn\u00a0\u00bb uncode_shortcode_id=\u00a0\u00bb948367&Prime; text_color_type=\u00a0\u00bbuncode-palette\u00a0\u00bb]<\/p>\n<p style=\"text-align: center;\">CR\u00c9ATION D&rsquo;UN ENVIRONNEMENT DE CONFIANCE<\/p>\n<p style=\"text-align: center;\">Le coaching collectif repose sur la cr\u00e9ation d&rsquo;un environnement de confiance o\u00f9 les membres du groupe se sentent en s\u00e9curit\u00e9 pour partager leurs id\u00e9es, exprimer leurs pr\u00e9occupations et prendre des risques.<\/p>\n<p>[\/vc_column_text][\/vc_column][vc_column width=\u00a0\u00bb1\/3&Prime;][vc_single_image media=\u00a0\u00bb224&Prime; media_width_percent=\u00a0\u00bb20&Prime; alignment=\u00a0\u00bbcenter\u00a0\u00bb uncode_shortcode_id=\u00a0\u00bb617049&Prime;][vc_column_text text_color=\u00a0\u00bbcolor-xsdn\u00a0\u00bb uncode_shortcode_id=\u00a0\u00bb191959&Prime; text_color_type=\u00a0\u00bbuncode-palette\u00a0\u00bb]<\/p>\n<p style=\"text-align: center;\">S\u00c9ANCE STRUCTUR\u00c9ES<\/p>\n<p style=\"text-align: center;\">Les s\u00e9ances de coaching collectif sont g\u00e9n\u00e9ralement structur\u00e9es autour d&rsquo;activit\u00e9s, d&rsquo;exercices et de discussions sp\u00e9cifiques qui visent \u00e0 r\u00e9pondre aux besoins et aux objectifs du groupe. Ces s\u00e9ances peuvent \u00eatre organis\u00e9es de mani\u00e8re r\u00e9guli\u00e8re, par exemple une fois par semaine ou une fois par mois.<\/p>\n<p>[\/vc_column_text][\/vc_column][\/vc_row][vc_row unlock_row_content=\u00a0\u00bbyes\u00a0\u00bb row_height_percent=\u00a0\u00bb0&Prime; back_color=\u00a0\u00bbcolor-554681&Prime; overlay_alpha=\u00a0\u00bb50&Prime; gutter_size=\u00a0\u00bb4&Prime; column_width_percent=\u00a0\u00bb70&Prime; shift_y=\u00a0\u00bb0&Prime; z_index=\u00a0\u00bb0&Prime; uncode_shortcode_id=\u00a0\u00bb847385&Prime; back_color_type=\u00a0\u00bbuncode-palette\u00a0\u00bb][vc_column width=\u00a0\u00bb1\/3&Prime;][\/vc_column][vc_column width=\u00a0\u00bb1\/3&Prime;][vc_single_image media=\u00a0\u00bb224&Prime; media_width_percent=\u00a0\u00bb20&Prime; alignment=\u00a0\u00bbcenter\u00a0\u00bb uncode_shortcode_id=\u00a0\u00bb617049&Prime;][vc_column_text text_color=\u00a0\u00bbcolor-xsdn\u00a0\u00bb uncode_shortcode_id=\u00a0\u00bb351962&Prime; text_color_type=\u00a0\u00bbuncode-palette\u00a0\u00bb]<\/p>\n<p style=\"text-align: center;\">SUIVI ET \u00c9VALUATION<\/p>\n<p style=\"text-align: center;\">Le coaching collectif implique souvent un suivi et une \u00e9valuation r\u00e9guliers pour mesurer les progr\u00e8s r\u00e9alis\u00e9s par le groupe et ajuster les strat\u00e9gies de coaching en cons\u00e9quence.<\/p>\n<p>[\/vc_column_text][\/vc_column][vc_column width=\u00a0\u00bb1\/3&Prime;][\/vc_column][\/vc_row][vc_row][vc_column width=\u00a0\u00bb1\/1&Prime;][vc_empty_space empty_h=\u00a0\u00bb2&Prime;][\/vc_column][\/vc_row][vc_row unlock_row_content=\u00a0\u00bbyes\u00a0\u00bb row_height_percent=\u00a0\u00bb0&Prime; back_color=\u00a0\u00bbcolor-gyho\u00a0\u00bb overlay_alpha=\u00a0\u00bb50&Prime; gutter_size=\u00a0\u00bb3&Prime; column_width_percent=\u00a0\u00bb100&Prime; shift_y=\u00a0\u00bb0&Prime; z_index=\u00a0\u00bb0&Prime; uncode_shortcode_id=\u00a0\u00bb962604&Prime; back_color_type=\u00a0\u00bbuncode-palette\u00a0\u00bb][vc_column width=\u00a0\u00bb1\/2&Prime;][vc_column_text uncode_shortcode_id=\u00a0\u00bb540192&Prime;]<\/p>\n<p style=\"text-align: right;\"><strong>Pour plus d&rsquo;informations<\/strong><\/p>\n<p>[\/vc_column_text][\/vc_column][vc_column width=\u00a0\u00bb1\/2&Prime;][vc_button button_color=\u00a0\u00bbcolor-554681&Prime; size=\u00a0\u00bbbtn-lg\u00a0\u00bb border_width=\u00a0\u00bb0&Prime; link=\u00a0\u00bburl:https%3A%2F%2Fhopcoeur.fr%2Findex.php%2Fcontact%2F|title:contact\u00a0\u00bb button_color_type=\u00a0\u00bbuncode-palette\u00a0\u00bb uncode_shortcode_id=\u00a0\u00bb190676&Prime;]CONTACTEZ-NOUS[\/vc_button][\/vc_column][\/vc_row]<\/p>\n<\/div>","protected":false},"excerpt":{"rendered":"<p>[vc_row unlock_row_content=\u00a0\u00bbyes\u00a0\u00bb row_height_percent=\u00a0\u00bb0&Prime; back_color=\u00a0\u00bbcolor-554681&Prime; overlay_alpha=\u00a0\u00bb50&Prime; gutter_size=\u00a0\u00bb3&Prime; column_width_percent=\u00a0\u00bb100&Prime; shift_y=\u00a0\u00bb0&Prime; z_index=\u00a0\u00bb0&Prime; uncode_shortcode_id=\u00a0\u00bb118128&Prime; back_color_type=\u00a0\u00bbuncode-palette\u00a0\u00bb][vc_column width=\u00a0\u00bb1\/4&Prime;][\/vc_column][vc_column width=\u00a0\u00bb1\/2&Prime;][vc_single_image media=\u00a0\u00bb213&Prime; media_width_percent=\u00a0\u00bb100&Prime; uncode_shortcode_id=\u00a0\u00bb209720&Prime;][\/vc_column][vc_column width=\u00a0\u00bb1\/4&Prime;][\/vc_column][\/vc_row][vc_row unlock_row_content=\u00a0\u00bbyes\u00a0\u00bb row_height_percent=\u00a0\u00bb0&Prime; back_color=\u00a0\u00bbcolor-gyho\u00a0\u00bb [&hellip;]<\/p>\n","protected":false},"author":1,"featured_media":0,"parent":0,"menu_order":0,"comment_status":"closed","ping_status":"closed","template":"","meta":{"footnotes":""},"class_list":["post-142","page","type-page","status-publish","hentry"],"yoast_head":"<!-- This site is optimized with the Yoast SEO plugin v25.0 - https:\/\/yoast.com\/wordpress\/plugins\/seo\/ -->\n<title>coaching collectif - HOPCOEUR<\/title>\n<meta name=\"robots\" content=\"index, follow, max-snippet:-1, max-image-preview:large, max-video-preview:-1\" \/>\n<link rel=\"canonical\" href=\"https:\/\/hopcoeur.fr\/index.php\/coaching-collectif\/\" \/>\n<meta property=\"og:locale\" content=\"fr_FR\" \/>\n<meta property=\"og:type\" content=\"article\" \/>\n<meta property=\"og:title\" content=\"coaching collectif - HOPCOEUR\" \/>\n<meta property=\"og:description\" content=\"[vc_row unlock_row_content=\u00a0\u00bbyes\u00a0\u00bb row_height_percent=\u00a0\u00bb0&Prime; back_color=\u00a0\u00bbcolor-554681&Prime; overlay_alpha=\u00a0\u00bb50&Prime; gutter_size=\u00a0\u00bb3&Prime; column_width_percent=\u00a0\u00bb100&Prime; shift_y=\u00a0\u00bb0&Prime; z_index=\u00a0\u00bb0&Prime; uncode_shortcode_id=\u00a0\u00bb118128&Prime; back_color_type=\u00a0\u00bbuncode-palette\u00a0\u00bb][vc_column width=\u00a0\u00bb1\/4&Prime;][\/vc_column][vc_column width=\u00a0\u00bb1\/2&Prime;][vc_single_image media=\u00a0\u00bb213&Prime; media_width_percent=\u00a0\u00bb100&Prime; uncode_shortcode_id=\u00a0\u00bb209720&Prime;][\/vc_column][vc_column width=\u00a0\u00bb1\/4&Prime;][\/vc_column][\/vc_row][vc_row unlock_row_content=\u00a0\u00bbyes\u00a0\u00bb row_height_percent=\u00a0\u00bb0&Prime; back_color=\u00a0\u00bbcolor-gyho\u00a0\u00bb [&hellip;]\" \/>\n<meta property=\"og:url\" content=\"https:\/\/hopcoeur.fr\/index.php\/coaching-collectif\/\" \/>\n<meta property=\"og:site_name\" content=\"HOPCOEUR\" \/>\n<meta property=\"article:modified_time\" content=\"2024-05-21T12:55:48+00:00\" \/>\n<meta name=\"twitter:card\" content=\"summary_large_image\" \/>\n<meta name=\"twitter:label1\" content=\"Dur\u00e9e de lecture estim\u00e9e\" \/>\n\t<meta name=\"twitter:data1\" content=\"5 minutes\" \/>\n<script type=\"application\/ld+json\" class=\"yoast-schema-graph\">{\"@context\":\"https:\/\/schema.org\",\"@graph\":[{\"@type\":\"WebPage\",\"@id\":\"https:\/\/hopcoeur.fr\/index.php\/coaching-collectif\/\",\"url\":\"https:\/\/hopcoeur.fr\/index.php\/coaching-collectif\/\",\"name\":\"coaching collectif - HOPCOEUR\",\"isPartOf\":{\"@id\":\"https:\/\/hopcoeur.fr\/#website\"},\"datePublished\":\"2024-05-06T14:00:24+00:00\",\"dateModified\":\"2024-05-21T12:55:48+00:00\",\"breadcrumb\":{\"@id\":\"https:\/\/hopcoeur.fr\/index.php\/coaching-collectif\/#breadcrumb\"},\"inLanguage\":\"fr-FR\",\"potentialAction\":[{\"@type\":\"ReadAction\",\"target\":[\"https:\/\/hopcoeur.fr\/index.php\/coaching-collectif\/\"]}]},{\"@type\":\"BreadcrumbList\",\"@id\":\"https:\/\/hopcoeur.fr\/index.php\/coaching-collectif\/#breadcrumb\",\"itemListElement\":[{\"@type\":\"ListItem\",\"position\":1,\"name\":\"Accueil\",\"item\":\"https:\/\/hopcoeur.fr\/\"},{\"@type\":\"ListItem\",\"position\":2,\"name\":\"coaching collectif\"}]},{\"@type\":\"WebSite\",\"@id\":\"https:\/\/hopcoeur.fr\/#website\",\"url\":\"https:\/\/hopcoeur.fr\/\",\"name\":\"HOPCOEUR\",\"description\":\"accompagnement et coaching pour les professionnels\",\"publisher\":{\"@id\":\"https:\/\/hopcoeur.fr\/#organization\"},\"potentialAction\":[{\"@type\":\"SearchAction\",\"target\":{\"@type\":\"EntryPoint\",\"urlTemplate\":\"https:\/\/hopcoeur.fr\/?s={search_term_string}\"},\"query-input\":{\"@type\":\"PropertyValueSpecification\",\"valueRequired\":true,\"valueName\":\"search_term_string\"}}],\"inLanguage\":\"fr-FR\"},{\"@type\":\"Organization\",\"@id\":\"https:\/\/hopcoeur.fr\/#organization\",\"name\":\"HOPCOEUR\",\"url\":\"https:\/\/hopcoeur.fr\/\",\"logo\":{\"@type\":\"ImageObject\",\"inLanguage\":\"fr-FR\",\"@id\":\"https:\/\/hopcoeur.fr\/#\/schema\/logo\/image\/\",\"url\":\"https:\/\/hopcoeur.fr\/wp-content\/uploads\/2025\/03\/logo-WP.jpg\",\"contentUrl\":\"https:\/\/hopcoeur.fr\/wp-content\/uploads\/2025\/03\/logo-WP.jpg\",\"width\":500,\"height\":500,\"caption\":\"HOPCOEUR\"},\"image\":{\"@id\":\"https:\/\/hopcoeur.fr\/#\/schema\/logo\/image\/\"}}]}<\/script>\n<!-- \/ Yoast SEO plugin. -->","yoast_head_json":{"title":"coaching collectif - HOPCOEUR","robots":{"index":"index","follow":"follow","max-snippet":"max-snippet:-1","max-image-preview":"max-image-preview:large","max-video-preview":"max-video-preview:-1"},"canonical":"https:\/\/hopcoeur.fr\/index.php\/coaching-collectif\/","og_locale":"fr_FR","og_type":"article","og_title":"coaching collectif - HOPCOEUR","og_description":"[vc_row unlock_row_content=\u00a0\u00bbyes\u00a0\u00bb row_height_percent=\u00a0\u00bb0&Prime; back_color=\u00a0\u00bbcolor-554681&Prime; overlay_alpha=\u00a0\u00bb50&Prime; gutter_size=\u00a0\u00bb3&Prime; column_width_percent=\u00a0\u00bb100&Prime; shift_y=\u00a0\u00bb0&Prime; z_index=\u00a0\u00bb0&Prime; uncode_shortcode_id=\u00a0\u00bb118128&Prime; back_color_type=\u00a0\u00bbuncode-palette\u00a0\u00bb][vc_column width=\u00a0\u00bb1\/4&Prime;][\/vc_column][vc_column width=\u00a0\u00bb1\/2&Prime;][vc_single_image media=\u00a0\u00bb213&Prime; media_width_percent=\u00a0\u00bb100&Prime; uncode_shortcode_id=\u00a0\u00bb209720&Prime;][\/vc_column][vc_column width=\u00a0\u00bb1\/4&Prime;][\/vc_column][\/vc_row][vc_row unlock_row_content=\u00a0\u00bbyes\u00a0\u00bb row_height_percent=\u00a0\u00bb0&Prime; back_color=\u00a0\u00bbcolor-gyho\u00a0\u00bb [&hellip;]","og_url":"https:\/\/hopcoeur.fr\/index.php\/coaching-collectif\/","og_site_name":"HOPCOEUR","article_modified_time":"2024-05-21T12:55:48+00:00","twitter_card":"summary_large_image","twitter_misc":{"Dur\u00e9e de lecture estim\u00e9e":"5 minutes"},"schema":{"@context":"https:\/\/schema.org","@graph":[{"@type":"WebPage","@id":"https:\/\/hopcoeur.fr\/index.php\/coaching-collectif\/","url":"https:\/\/hopcoeur.fr\/index.php\/coaching-collectif\/","name":"coaching collectif - HOPCOEUR","isPartOf":{"@id":"https:\/\/hopcoeur.fr\/#website"},"datePublished":"2024-05-06T14:00:24+00:00","dateModified":"2024-05-21T12:55:48+00:00","breadcrumb":{"@id":"https:\/\/hopcoeur.fr\/index.php\/coaching-collectif\/#breadcrumb"},"inLanguage":"fr-FR","potentialAction":[{"@type":"ReadAction","target":["https:\/\/hopcoeur.fr\/index.php\/coaching-collectif\/"]}]},{"@type":"BreadcrumbList","@id":"https:\/\/hopcoeur.fr\/index.php\/coaching-collectif\/#breadcrumb","itemListElement":[{"@type":"ListItem","position":1,"name":"Accueil","item":"https:\/\/hopcoeur.fr\/"},{"@type":"ListItem","position":2,"name":"coaching collectif"}]},{"@type":"WebSite","@id":"https:\/\/hopcoeur.fr\/#website","url":"https:\/\/hopcoeur.fr\/","name":"HOPCOEUR","description":"accompagnement et coaching pour les professionnels","publisher":{"@id":"https:\/\/hopcoeur.fr\/#organization"},"potentialAction":[{"@type":"SearchAction","target":{"@type":"EntryPoint","urlTemplate":"https:\/\/hopcoeur.fr\/?s={search_term_string}"},"query-input":{"@type":"PropertyValueSpecification","valueRequired":true,"valueName":"search_term_string"}}],"inLanguage":"fr-FR"},{"@type":"Organization","@id":"https:\/\/hopcoeur.fr\/#organization","name":"HOPCOEUR","url":"https:\/\/hopcoeur.fr\/","logo":{"@type":"ImageObject","inLanguage":"fr-FR","@id":"https:\/\/hopcoeur.fr\/#\/schema\/logo\/image\/","url":"https:\/\/hopcoeur.fr\/wp-content\/uploads\/2025\/03\/logo-WP.jpg","contentUrl":"https:\/\/hopcoeur.fr\/wp-content\/uploads\/2025\/03\/logo-WP.jpg","width":500,"height":500,"caption":"HOPCOEUR"},"image":{"@id":"https:\/\/hopcoeur.fr\/#\/schema\/logo\/image\/"}}]}},"_links":{"self":[{"href":"https:\/\/hopcoeur.fr\/index.php\/wp-json\/wp\/v2\/pages\/142","targetHints":{"allow":["GET"]}}],"collection":[{"href":"https:\/\/hopcoeur.fr\/index.php\/wp-json\/wp\/v2\/pages"}],"about":[{"href":"https:\/\/hopcoeur.fr\/index.php\/wp-json\/wp\/v2\/types\/page"}],"author":[{"embeddable":true,"href":"https:\/\/hopcoeur.fr\/index.php\/wp-json\/wp\/v2\/users\/1"}],"replies":[{"embeddable":true,"href":"https:\/\/hopcoeur.fr\/index.php\/wp-json\/wp\/v2\/comments?post=142"}],"version-history":[{"count":49,"href":"https:\/\/hopcoeur.fr\/index.php\/wp-json\/wp\/v2\/pages\/142\/revisions"}],"predecessor-version":[{"id":356,"href":"https:\/\/hopcoeur.fr\/index.php\/wp-json\/wp\/v2\/pages\/142\/revisions\/356"}],"wp:attachment":[{"href":"https:\/\/hopcoeur.fr\/index.php\/wp-json\/wp\/v2\/media?parent=142"}],"curies":[{"name":"wp","href":"https:\/\/api.w.org\/{rel}","templated":true}]}}